e tens digit of 25063?
6
What is the thousands digit of 52057?
2
What is the hundreds digit of 2868?
8
What is the units digit of 479?
9
What is the hundred thousands digit of 101907?
1
What is the tens digit of 19377?
7
What is the units digit of 264?
4
What is the tens digit of 89439?
3
What is the tens digit of 13161?
6
What is the thousands digit of 72538?
2
What is the units digit of 1088?
8
What is the hundreds digit of 1863?
8
What is the units digit of 148270?
0
What is the tens digit of 2198?
9
What is the thousands digit of 15944?
5
What is the tens digit of 3248?
4
What is the tens digit of 18730?
3
What is the thousands digit of 1900?
1
What is the units digit of 2508?
8
What is the thousands digit of 58907?
8
What is the units digit of 2975?
5
What is the units digit of 441?
1
What is the tens digit of 657?
5
What is the ten thousands digit of 73285?
7
What is the units digit of 381?
1
What is the tens digit of 83492?
9
What is the ten thousands digit of 12737?
1
What is the ten thousands digit of 33151?
3
What is the units digit of 2055?
5
What is the tens digit of 30588?
8
What is the thousands digit of 75561?
5
What is the thousands digit of 170546?
0
What is the ten thousands digit of 85469?
8
What is the thousands digit of 55714?
5
What is the hundreds digit of 1060?
0
What is the hundreds digit of 87539?
5
What is the thousands digit of 8805?
8
What is the units digit of 1304?
4
What is the tens digit of 27457?
5
What is the hundreds digit of 142740?
7
What is the thousands digit of 38989?
8
What is the thousands digit of 9653?
9
What is the hundreds digit of 1761?
7
What is the units digit of 210?
0
What is the units digit of 3205?
5
What is the units digit of 17104?
4
What is the tens digit of 25181?
8
What is the tens digit of 226?
2
What is the units digit of 535?
5
What is the units digit of 116?
6
What is the units digit of 175?
5
What is the thousands digit of 2372?
2
What is the ten thousands digit of 31218?
3
What is the tens digit of 7374?
7
What is the tens digit of 270?
7
What is the units digit of 21213?
3
What is the units digit of 1070?
0
What is the hundreds digit of 4064?
0
What is the thousands digit of 1699?
1
What is the tens digit of 1760?
6
What is the hundreds digit of 5935?
9
What is the thousands digit of 15510?
5
What is the units digit of 64662?
2
What is the units digit of 558?
8
What is the ten thousands digit of 26466?
2
What is the hundreds digit of 1036?
0
What is the hundreds digit of 5866?
8
What is the hundreds digit of 16837?
8
What is the tens digit of 59078?
7
What is the units digit of 208?
8
What is the tens digit of 4159?
5
What is the units digit of 37874?
4
What is the units digit of 576?
6
What is the hundred thousands digit of 131385?
1
What is the units digit of 14750?
0
What is the thousands digit of 3410?
3
What is the hundreds digit of 50631?
6
What is the hundreds digit of 24889?
8
What is the thousands digit of 2807?
2
What is the units digit of 37?
7
What is the units digit of 2352?
2
What is the units digit of 1286?
6
What is the hundreds digit of 22079?
0
What is the tens digit of 2172?
7
What is the thousands digit of 1037?
1
What is the hundreds digit of 4757?
7
What is the thousands digit of 25088?
5
What is the tens digit of 3118?
1
What is the units digit of 544?
4
What is the tens digit of 1477?
7
What is the thousands digit of 1210?
1
What is the units digit of 83?
3
What is the thousands digit of 1411?
1
What is the hundreds digit of 2994?
9
What is the tens digit of 236?
3
What is the tens digit of 658?
5
What is the tens digit of 1913?
1
What is the ten thousands digit of 95957?
9
What is the hundreds digit of 7195?
1
What is the hundreds digit of 33217?
2
What is the tens digit of 1510?
1
What is the units digit of 11042?
2
What is the ten thousands digit of 89649?
8
What is the ten thousands digit of 35698?
3
What is the thousands digit of 2637?
2
What is the tens digit of 9877?
7
What is the tens digit of 965?
6
What is the ten thousands digit of 140957?
4
What is the hundreds digit of 1295?
2
What is the ten thousands digit of 27823?
2
What is the hundreds digit of 2521?
5
What is the hundreds digit of 37353?
3
What is the tens digit of 1857?
5
What is the tens digit of 30?
3
What is the thousands digit of 5605?
5
What is the thousands digit of 25493?
5
What is the thousands digit of 4829?
4
What is the thousands digit of 67466?
7
What is the tens digit of 16?
1
What is the tens digit of 1027?
2
What is the thousands digit of 32472?
2
What is the tens digit of 83332?
3
What is the tens digit of 1956?
5
What is the units digit of 37418?
8
What is the units digit of 9123?
3
What is the hundreds digit of 29341?
3
What is the thousands digit of 6520?
6
What is the units digit of 15469?
9
What is the thousands digit of 106448?
6
What is the ten thousands digit of 181415?
8
What is the thousands digit of 18462?
8
What is the thousands digit of 7915?
7
What is the hundreds digit of 3074?
0
What is the tens digit of 2195?
9
What is the hundreds digit of 1139?
1
What is the thousands digit of 11045?
1
What is the units digit of 245?
5
What is the units digit of 2276?
6
What is the thousands digit of 6946?
6
What is the tens digit of 1803?
0
What is the tens digit of 844?
4
What is the tens digit of 67112?
1
What is the units digit of 10794?
4
What is the units digit of 17743?
3
What is the tens digit of 61?
6
What is the units digit of 12502?
2
What is the tens digit of 1010?
1
What is the units digit of 83037?
7
What is the tens digit of 866?
6
What is the units digit of 162?
2
What is the hundreds digit of 1750?
7
What is the hundreds digit of 6118?
1
What is the tens digit of 91606?
0
What is the units digit of 13211?
1
What is the hundreds digit of 4740?
7
What is the tens digit of 2977?
7
What is the units digit of 3095?
5
What is the units digit of 2813?
3
What is the tens digit of 245?
4
What is the thousands digit of 101779?
1
What is the units digit of 7927?
7
What is the units digit of 3326?
6
What is the tens digit of 2609?
0
What is the units digit of 4860?
0
What is the units digit of 3538?
8
What is the ten thousands digit of 27606?
2
What is the thousands digit of 1009?
1
What is the thousands digit of 14288?
4
What is the tens digit of 1540?
4
What is the ten thousands digit of 121348?
2
What is the tens digit of 4722?
2
What is the hundreds digit of 996?
9
What is the units digit of 20966?
6
What is the tens digit of 10165?
6
What is the thousands digit of 1211?
1
What is the units digit of 15738?
8
What is the thousands digit of 1968?
1
What is the tens digit of 56039?
3
What is the tens digit of 1854?
5
What is the tens digit of 59823?
2
What is the tens digit of 335?
3
What is the tens digit of 8003?
0
What is the hundreds digit of 4250?
2
What is the units digit of 1632?
2
What is the units digit of 2727?
7
What is the units digit of 811?
1
What is the thousands digit of 9686?
9
What is the hundreds digit of 349?
3
What is the ten thousands digit of 24619?
2
What is the units digit of 534?
4
What is the hundreds digit of 275?
2
What is the hundreds digit of 4587?
5
What is the hundreds digit of 3488?
4
What is the thousands digit of 60222?
0
What is the hundreds digit of 3369?
3
What is the units digit of 316?
6
What is the units digit of 33646?
6
What is the units digit of 8960?
0
What is the tens digit of 840?
4
What is the ten thousands digit of 47354?
4
What is the hundreds digit of 6566?
5
What is the hundreds digit of 98906?
9
What is the thousands digit of 48927?
8
What is the units digit of 806?
6
What is the units digit of 62339?
9
What is the tens digit of 34370?
7
What is the units digit of 11683?
3
What is the hundreds digit of 9244?
2
What is the tens digit of 12937?
3
What is the units digit of 317?
7
What is the units digit of 21286?
6
What is the thousands digit of 2225?
2
What is the tens digit of 571?
7
What is the hundreds digit of 7568?
5
What is the thousands digit of 1569?
1
What is the ten thousands digit of 29610?
2
What is the tens digit of 1961?
6
What is the units digit of 6278?
8
What is the units digit of 5424?
4
What is the thousands digit of 2182?
2
What is the tens digit of 126?
2
What is the units digit of 24